{"id":159,"date":"2020-06-30T18:21:38","date_gmt":"2020-06-30T23:21:38","guid":{"rendered":"http:\/\/localhost\/curso%20Worpress\/?page_id=159"},"modified":"2020-07-02T13:51:34","modified_gmt":"2020-07-02T18:51:34","slug":"instalaciones-electricas","status":"publish","type":"page","link":"https:\/\/wlcgeneral.com\/?page_id=159","title":{"rendered":"Instalaciones El\u00e9ctricas"},"content":{"rendered":"\n<p><strong>Instalaciones El\u00e9ctricas<\/strong><\/p>\n\n\n\n<p>Brindamos los siguientes servicios, entre otros:<\/p>\n\n\n\n<ul><li>Instalaciones El\u00e9ctricas en Edificaciones<\/li><li>Pozo tierra, Mantenimientos de cargas el\u00e9ctricas, Balanceo Cargas, Intercomunicadores.<\/li><li>Montajes Electro-mec\u00e1nicos<\/li><li>Electricidad Domiciliaria<\/li><\/ul>\n\n\n\n<p><\/p>\n","protected":false},"excerpt":{"rendered":"<p>Instalaciones El\u00e9ctricas Brindamos los siguientes servicios, entre otros: Instalaciones El\u00e9ctricas en Edificaciones Pozo tierra, Mantenimientos de cargas el\u00e9ctricas, Balanceo Cargas, Intercomunicadores. Montajes Electro-mec\u00e1nicos Electricidad Domiciliaria<\/p>\n","protected":false},"author":1,"featured_media":67,"parent":0,"menu_order":0,"comment_status":"closed","ping_status":"closed","template":"","meta":{"footnotes":""},"_links":{"self":[{"href":"https:\/\/wlcgeneral.com\/index.php?rest_route=\/wp\/v2\/pages\/159"}],"collection":[{"href":"https:\/\/wlcgeneral.com\/index.php?rest_route=\/wp\/v2\/pages"}],"about":[{"href":"https:\/\/wlcgeneral.com\/index.php?rest_route=\/wp\/v2\/types\/page"}],"author":[{"embeddable":true,"href":"https:\/\/wlcgeneral.com\/index.php?rest_route=\/wp\/v2\/users\/1"}],"replies":[{"embeddable":true,"href":"https:\/\/wlcgeneral.com\/index.php?rest_route=%2Fwp%2Fv2%2Fcomments&post=159"}],"version-history":[{"count":2,"href":"https:\/\/wlcgeneral.com\/index.php?rest_route=\/wp\/v2\/pages\/159\/revisions"}],"predecessor-version":[{"id":362,"href":"https:\/\/wlcgeneral.com\/index.php?rest_route=\/wp\/v2\/pages\/159\/revisions\/362"}],"wp:featuredmedia":[{"embeddable":true,"href":"https:\/\/wlcgeneral.com\/index.php?rest_route=\/wp\/v2\/media\/67"}],"wp:attachment":[{"href":"https:\/\/wlcgeneral.com\/index.php?rest_route=%2Fwp%2Fv2%2Fmedia&parent=159"}],"curies":[{"name":"wp","href":"https:\/\/api.w.org\/{rel}","templated":true}]}}