{"id":155,"date":"2020-06-30T18:11:40","date_gmt":"2020-06-30T23:11:40","guid":{"rendered":"http:\/\/localhost\/curso%20Worpress\/?page_id=155"},"modified":"2020-07-02T13:58:01","modified_gmt":"2020-07-02T18:58:01","slug":"acabados-y-mantenimiento","status":"publish","type":"page","link":"https:\/\/wlcgeneral.com\/?page_id=155","title":{"rendered":"Acabados y Mantenimiento"},"content":{"rendered":"\n<p><strong>Acabados y Mantenimiento<\/strong><\/p>\n\n\n\n<p>Brindamos los siguientes servicios, entre otros:<\/p>\n\n\n\n<p><strong>Instalaci\u00f3n Construcci\u00f3n en Sistema Drywall<\/strong><\/p>\n\n\n\n<ul><li>Construccion, ampliacion y remodelacion en&nbsp;Drywall.<\/li><li>Tabiquer\u00eda,&nbsp;rectas&nbsp;y&nbsp;curvas&nbsp;,&nbsp;Cielo&nbsp;raso&nbsp;con&nbsp;baldosa&nbsp;y&nbsp;Planchas&nbsp;Policarbonato.<\/li><li>Mantenimiento&nbsp;de&nbsp;Drywall&nbsp;,&nbsp;cambio&nbsp;de&nbsp;baldosa,&nbsp;dise\u00f1o&nbsp;funcional&nbsp;y&nbsp;moderno.<\/li><\/ul>\n\n\n\n<p>&nbsp;<strong>Carpinteria y Aluminio<\/strong><\/p>\n\n\n\n<ul><li>Cobertores\u00a0de\u00a0Policarbonato,\u00a0Instalaci\u00f3n\u00a0de\u00a0puertas\u00a0mamparas(Pivotantes,Corredizas).<\/li><li>Fabricaci\u00f3n\u00a0e\u00a0Instalaci\u00f3n\u00a0de\u00a0puertas\u00a0de\u00a0ducha\u00a0y\u00a0aluminio\u00a0vidrio\u00a0templado,\u00a0arenado\u00a0y\u00a0mica.<\/li><li>Trabajos\u00a0en\u00a0Melamine,\u00a0muebles\u00a0altos\u00a0y\u00a0bajos\u00a0para\u00a0cocina,\u00a0escritorios,<br>estantes,\u00a0closet\u00a0empotrados,\u00a0veladores,\u00a0etc.<\/li><li>Coginas ,Balcones con vidrio (Crudo, templado y\u00a0arenado).<\/li><\/ul>\n\n\n\n<p><strong>&nbsp;Pintado de Interiores y&nbsp;Exteriores<\/strong><\/p>\n\n\n\n<ul><li>L\u00e1tex, esmalte , ep\u00f3xico y&nbsp;barniz.<\/li><li>Empastado de pared y techo, columnas y&nbsp;vigas.<\/li><li>Pintado en&nbsp;General<\/li><\/ul>\n\n\n\n<p><\/p>\n","protected":false},"excerpt":{"rendered":"<p>Acabados y Mantenimiento Brindamos los siguientes servicios, entre otros: Instalaci\u00f3n Construcci\u00f3n en Sistema Drywall Construccion, ampliacion y remodelacion en&nbsp;Drywall. Tabiquer\u00eda,&nbsp;rectas&nbsp;y&nbsp;curvas&nbsp;,&nbsp;Cielo&nbsp;raso&nbsp;con&nbsp;baldosa&nbsp;y&nbsp;Planchas&nbsp;Policarbonato. Mantenimiento&nbsp;de&nbsp;Drywall&nbsp;,&nbsp;cambio&nbsp;de&nbsp;baldosa,&nbsp;dise\u00f1o&nbsp;funcional&nbsp;y&nbsp;moderno. &nbsp;Carpinteria y Aluminio Cobertores\u00a0de\u00a0Policarbonato,\u00a0Instalaci\u00f3n\u00a0de\u00a0puertas\u00a0mamparas(Pivotantes,Corredizas). Fabricaci\u00f3n\u00a0e\u00a0Instalaci\u00f3n\u00a0de\u00a0puertas\u00a0de\u00a0ducha\u00a0y\u00a0aluminio\u00a0vidrio\u00a0templado,\u00a0arenado\u00a0y\u00a0mica. Trabajos\u00a0en\u00a0Melamine,\u00a0muebles\u00a0altos\u00a0y\u00a0bajos\u00a0para\u00a0cocina,\u00a0escritorios,estantes,\u00a0closet\u00a0empotrados,\u00a0veladores,\u00a0etc. Coginas ,Balcones con vidrio (Crudo, templado y\u00a0arenado). &nbsp;Pintado de Interiores y&nbsp;Exteriores L\u00e1tex, esmalte , ep\u00f3xico y&nbsp;barniz. Empastado de pared y techo, columnas y&nbsp;vigas.&hellip;<\/p>\n","protected":false},"author":1,"featured_media":156,"parent":0,"menu_order":0,"comment_status":"closed","ping_status":"closed","template":"","meta":{"footnotes":""},"_links":{"self":[{"href":"https:\/\/wlcgeneral.com\/index.php?rest_route=\/wp\/v2\/pages\/155"}],"collection":[{"href":"https:\/\/wlcgeneral.com\/index.php?rest_route=\/wp\/v2\/pages"}],"about":[{"href":"https:\/\/wlcgeneral.com\/index.php?rest_route=\/wp\/v2\/types\/page"}],"author":[{"embeddable":true,"href":"https:\/\/wlcgeneral.com\/index.php?rest_route=\/wp\/v2\/users\/1"}],"replies":[{"embeddable":true,"href":"https:\/\/wlcgeneral.com\/index.php?rest_route=%2Fwp%2Fv2%2Fcomments&post=155"}],"version-history":[{"count":4,"href":"https:\/\/wlcgeneral.com\/index.php?rest_route=\/wp\/v2\/pages\/155\/revisions"}],"predecessor-version":[{"id":368,"href":"https:\/\/wlcgeneral.com\/index.php?rest_route=\/wp\/v2\/pages\/155\/revisions\/368"}],"wp:featuredmedia":[{"embeddable":true,"href":"https:\/\/wlcgeneral.com\/index.php?rest_route=\/wp\/v2\/media\/156"}],"wp:attachment":[{"href":"https:\/\/wlcgeneral.com\/index.php?rest_route=%2Fwp%2Fv2%2Fmedia&parent=155"}],"curies":[{"name":"wp","href":"https:\/\/api.w.org\/{rel}","templated":true}]}}